{"id":1084,"date":"2026-02-05T16:45:18","date_gmt":"2026-02-05T16:45:18","guid":{"rendered":"https:\/\/www.christoph-hoennige.de\/?page_id=1084"},"modified":"2026-02-12T15:02:36","modified_gmt":"2026-02-12T15:02:36","slug":"projektteam","status":"publish","type":"page","link":"https:\/\/www.regelwerk-bmftr.de\/?page_id=1084","title":{"rendered":"Team"},"content":{"rendered":"\n<h2 class=\"wp-block-heading\">Who are we?<\/h2>\n\n\n\n<p>The collaborative research group consists of four teams from four institutions: RWI Essen, Leibniz Universit\u00e4t Hannover, Deutsches Zentrum f\u00fcr Hochschul- und Wissenschaftsforschung and Heinrich-Heine-Universit\u00e4t D\u00fcsseldorf.<\/p>\n\n\n\n<div class=\"wp-block-group is-nowrap is-layout-flex wp-container-core-group-is-layout-6c531013 wp-block-group-is-layout-flex\"><\/div>\n\n\n\n<div class=\"wp-block-columns is-layout-flex wp-container-core-columns-is-layout-28f84493 wp-block-columns-is-layout-flex\">\n<div class=\"wp-block-column is-layout-flow wp-block-column-is-layout-flow\" style=\"flex-basis:100%\">\n<div class=\"wp-block-columns is-layout-flex wp-container-core-columns-is-layout-28f84493 wp-block-columns-is-layout-flex\">\n<div class=\"wp-block-column is-layout-flow wp-block-column-is-layout-flow\" style=\"flex-basis:100%\">\n<div class=\"wp-block-columns is-layout-flex wp-container-core-columns-is-layout-28f84493 wp-block-columns-is-layout-flex\">\n<div class=\"wp-block-column is-layout-flow wp-block-column-is-layout-flow\">\n<figure class=\"wp-block-image size-full\"><a href=\"http:\/\/www.regelwerk-bmftr.de\/wp-content\/uploads\/2026\/02\/csm_leibniz_rwi_logo_rgb_59327f5a79.jpg\"><img loading=\"lazy\" decoding=\"async\" width=\"700\" height=\"186\" src=\"http:\/\/www.regelwerk-bmftr.de\/wp-content\/uploads\/2026\/02\/csm_leibniz_rwi_logo_rgb_59327f5a79.jpg\" alt=\"\" class=\"wp-image-1150\" srcset=\"https:\/\/www.regelwerk-bmftr.de\/wp-content\/uploads\/2026\/02\/csm_leibniz_rwi_logo_rgb_59327f5a79.jpg 700w, https:\/\/www.regelwerk-bmftr.de\/wp-content\/uploads\/2026\/02\/csm_leibniz_rwi_logo_rgb_59327f5a79-300x80.jpg 300w\" sizes=\"auto, (max-width: 700px) 100vw, 700px\" \/><\/a><\/figure>\n<\/div>\n\n\n\n<div class=\"wp-block-column is-layout-flow wp-block-column-is-layout-flow\">\n<figure class=\"wp-block-image size-full\"><a href=\"http:\/\/www.regelwerk-bmftr.de\/wp-content\/uploads\/2026\/02\/luh_logo_rgb_0_81_158.png\"><img loading=\"lazy\" decoding=\"async\" width=\"800\" height=\"231\" src=\"http:\/\/www.regelwerk-bmftr.de\/wp-content\/uploads\/2026\/02\/luh_logo_rgb_0_81_158.png\" alt=\"\" class=\"wp-image-1153\" srcset=\"https:\/\/www.regelwerk-bmftr.de\/wp-content\/uploads\/2026\/02\/luh_logo_rgb_0_81_158.png 800w, https:\/\/www.regelwerk-bmftr.de\/wp-content\/uploads\/2026\/02\/luh_logo_rgb_0_81_158-300x87.png 300w, https:\/\/www.regelwerk-bmftr.de\/wp-content\/uploads\/2026\/02\/luh_logo_rgb_0_81_158-768x222.png 768w\" sizes=\"auto, (max-width: 800px) 100vw, 800px\" \/><\/a><\/figure>\n<\/div>\n<\/div>\n<\/div>\n<\/div>\n<\/div>\n<\/div>\n\n\n\n<div class=\"wp-block-columns is-layout-flex wp-container-core-columns-is-layout-28f84493 wp-block-columns-is-layout-flex\">\n<div class=\"wp-block-column is-layout-flow wp-block-column-is-layout-flow\">\n<figure class=\"wp-block-image size-full is-resized\"><a href=\"http:\/\/www.regelwerk-bmftr.de\/wp-content\/uploads\/2026\/02\/DZHW_Logo.png\"><img loading=\"lazy\" decoding=\"async\" width=\"709\" height=\"297\" src=\"http:\/\/www.regelwerk-bmftr.de\/wp-content\/uploads\/2026\/02\/DZHW_Logo.png\" alt=\"\" class=\"wp-image-1152\" style=\"aspect-ratio:2.387433254687694;width:230px;height:auto\" srcset=\"https:\/\/www.regelwerk-bmftr.de\/wp-content\/uploads\/2026\/02\/DZHW_Logo.png 709w, https:\/\/www.regelwerk-bmftr.de\/wp-content\/uploads\/2026\/02\/DZHW_Logo-300x126.png 300w\" sizes=\"auto, (max-width: 709px) 100vw, 709px\" \/><\/a><\/figure>\n<\/div>\n\n\n\n<div class=\"wp-block-column is-layout-flow wp-block-column-is-layout-flow\">\n<figure class=\"wp-block-image size-large\"><a href=\"http:\/\/www.regelwerk-bmftr.de\/wp-content\/uploads\/2026\/02\/csm_HHU_Logo_WortBildMarke_b2ca3c8ef3.png\"><img loading=\"lazy\" decoding=\"async\" width=\"1024\" height=\"392\" src=\"http:\/\/www.regelwerk-bmftr.de\/wp-content\/uploads\/2026\/02\/csm_HHU_Logo_WortBildMarke_b2ca3c8ef3-1024x392.png\" alt=\"\" class=\"wp-image-1154\" srcset=\"https:\/\/www.regelwerk-bmftr.de\/wp-content\/uploads\/2026\/02\/csm_HHU_Logo_WortBildMarke_b2ca3c8ef3-1024x392.png 1024w, https:\/\/www.regelwerk-bmftr.de\/wp-content\/uploads\/2026\/02\/csm_HHU_Logo_WortBildMarke_b2ca3c8ef3-300x115.png 300w, https:\/\/www.regelwerk-bmftr.de\/wp-content\/uploads\/2026\/02\/csm_HHU_Logo_WortBildMarke_b2ca3c8ef3-768x294.png 768w, https:\/\/www.regelwerk-bmftr.de\/wp-content\/uploads\/2026\/02\/csm_HHU_Logo_WortBildMarke_b2ca3c8ef3.png 1200w\" sizes=\"auto, (max-width: 1024px) 100vw, 1024px\" \/><\/a><\/figure>\n<\/div>\n<\/div>\n\n\n\n<div class=\"wp-block-group is-nowrap is-layout-flex wp-container-core-group-is-layout-6c531013 wp-block-group-is-layout-flex\"><\/div>\n\n\n\n<p><strong>RegelWerk@RWI<\/strong> \/ <strong>Project<\/strong> <strong>Cooperation leader <\/strong><\/p>\n\n\n\n<p><a href=\"https:\/\/www.rwi-essen.de\/projekte-1\/detail\/regelwerk-regeln-und-verbindlichkeit-im-studium-was-437\">RWI \u2013 Leibniz-Institut f\u00fcr Wirtschaftsforschung<\/a><\/p>\n\n\n\n<p><a href=\"https:\/\/www.rwi-essen.de\/rwi\/team\/person\/kerstin-schneider\" target=\"_blank\" rel=\"noreferrer noopener\">Prof. Dr. Kerstin Schneider<\/a><\/p>\n\n\n\n<p><a href=\"https:\/\/www.rwi-essen.de\/rwi\/team\/person\/luis-rumert\">Luis Rumert<\/a><\/p>\n\n\n\n<p><a href=\"https:\/\/www.rwi-essen.de\/rwi\/team\/person\/thomas-goessl\">Thomas G\u00f6\u00dfl<\/a><\/p>\n\n\n\n<p><a href=\"https:\/\/www.rwi-essen.de\/rwi\/team\/person\/leandro-henao\">Leandro Henao<\/a><\/p>\n\n\n\n<div class=\"wp-block-group is-layout-grid wp-container-core-group-is-layout-478b6e6b wp-block-group-is-layout-grid\"><\/div>\n\n\n\n<p><strong>RegelWerk@LUH<\/strong><\/p>\n\n\n\n<p><a href=\"https:\/\/www.ipw.uni-hannover.de\/forschung\/vergleichende-regierungslehre-und-politisches-system-deutschlands-comparative-and-german-politics\/research-projects-forschungsprojekte#c213450\">Leibniz Universit\u00e4t Hannover<\/a><\/p>\n\n\n\n<p><a href=\"https:\/\/www.ipw.uni-hannover.de\/institut\/arbeitsbereiche\/vergleichende-regierungslehre-und-politisches-system-deutschlands-comparative-and-german-politics\/working-group-team\">Prof. Dr. Christoph H\u00f6nnige<\/a><\/p>\n\n\n\n<p><a href=\"https:\/\/www.ish.uni-hannover.de\/jungbauer-gans\">Prof. Dr. Monika Jungbauer-Gans<\/a><\/p>\n\n\n\n<p><a href=\"https:\/\/www.ipw.uni-hannover.de\/institut\/personenverzeichnis\/victoria-alexandra-bauer\">Victoria A. Bauer<\/a><\/p>\n\n\n\n<p><a href=\"https:\/\/www.ipw.uni-hannover.de\/institut\/personenverzeichnis\/vanessa-boyle\">Vanessa Boyle<\/a><\/p>\n\n\n\n<div class=\"wp-block-group is-nowrap is-layout-flex wp-container-core-group-is-layout-6c531013 wp-block-group-is-layout-flex\"><\/div>\n\n\n\n<p><strong>RegelWerk@DZHW<\/strong><\/p>\n\n\n\n<p><a href=\"https:\/\/www.dzhw.eu\/forschung\/projekt?pr_id=758\">Deutsches Zentrum f\u00fcr Hochschul- und Wissenschaftsforschung<\/a><\/p>\n\n\n\n<p><a href=\"https:\/\/www.dzhw.eu\/gmbh\/mitarbeiter?m_id=1012\">Shirin Reiter<\/a><\/p>\n\n\n\n<p><a href=\"https:\/\/www.dzhw.eu\/gmbh\/mitarbeiter?m_id=1013\">Jan-Christoph Ohnesorge<\/a><\/p>\n\n\n\n<div class=\"wp-block-group is-nowrap is-layout-flex wp-container-core-group-is-layout-6c531013 wp-block-group-is-layout-flex\"><\/div>\n\n\n\n<p><strong>RegelWerk@HHU<\/strong><\/p>\n\n\n\n<p>Heinrich-Heine-Universit\u00e4t D\u00fcsseldorf<\/p>\n\n\n\n<p><a href=\"https:\/\/dbs.cs.uni-duesseldorf.de\/mitarbeiter.php?id=conrad\" target=\"_blank\" rel=\"noreferrer noopener\">Prof. Dr. Stefan Conrad <\/a><\/p>\n\n\n\n<p><a href=\"https:\/\/dbs.cs.uni-duesseldorf.de\/mitarbeiter.php?id=blank\">Douglas Blank<\/a><\/p>\n\n\n\n<p><\/p>\n","protected":false},"excerpt":{"rendered":"<p>Who are we? The collaborative research group consists of four teams from four institutions: RWI Essen, Leibniz Universit\u00e4t Hannover, Deutsches Zentrum f\u00fcr Hochschul- und Wissenschaftsforschung and Heinrich-Heine-Universit\u00e4t D\u00fcsseldorf. RegelWerk@RWI \/ Project Cooperation leader RWI \u2013 Leibniz-Institut f\u00fcr Wirtschaftsforschung Prof. Dr. Kerstin Schneider Luis Rumert Thomas G\u00f6\u00dfl Leandro Henao RegelWerk@LUH Leibniz Universit\u00e4t Hannover Prof. Dr. Christoph [&hellip;]<\/p>\n","protected":false},"author":5,"featured_media":0,"parent":0,"menu_order":8,"comment_status":"closed","ping_status":"closed","template":"","meta":{"footnotes":""},"class_list":["post-1084","page","type-page","status-publish","hentry"],"_links":{"self":[{"href":"https:\/\/www.regelwerk-bmftr.de\/index.php?rest_route=\/wp\/v2\/pages\/1084","targetHints":{"allow":["GET"]}}],"collection":[{"href":"https:\/\/www.regelwerk-bmftr.de\/index.php?rest_route=\/wp\/v2\/pages"}],"about":[{"href":"https:\/\/www.regelwerk-bmftr.de\/index.php?rest_route=\/wp\/v2\/types\/page"}],"author":[{"embeddable":true,"href":"https:\/\/www.regelwerk-bmftr.de\/index.php?rest_route=\/wp\/v2\/users\/5"}],"replies":[{"embeddable":true,"href":"https:\/\/www.regelwerk-bmftr.de\/index.php?rest_route=%2Fwp%2Fv2%2Fcomments&post=1084"}],"version-history":[{"count":16,"href":"https:\/\/www.regelwerk-bmftr.de\/index.php?rest_route=\/wp\/v2\/pages\/1084\/revisions"}],"predecessor-version":[{"id":1240,"href":"https:\/\/www.regelwerk-bmftr.de\/index.php?rest_route=\/wp\/v2\/pages\/1084\/revisions\/1240"}],"wp:attachment":[{"href":"https:\/\/www.regelwerk-bmftr.de\/index.php?rest_route=%2Fwp%2Fv2%2Fmedia&parent=1084"}],"curies":[{"name":"wp","href":"https:\/\/api.w.org\/{rel}","templated":true}]}}